 Let p = l + -112. Calculate the highest common factor of p and 76.
38
Let h be (-28)/(-21) - 304/(-24). What is the highest common factor of h and 112?
14
Suppose -1628 + 200 = -17*f. Let q = -48 + f. What is the greatest common divisor of 24 and q?
12
Suppose 5*o = 0, 4*o = v + o - 31. Let c = 57 - v. Let n be ((-312)/3)/(2/(-3)). Calculate the greatest common factor of n and c.
26
Suppose 4*d - 5*c + 14 = 3*d, -c + 10 = -2*d. Let m be 15/d*88/33. Let j be (-2)/m + 49/5. What is the highest common factor of j and 80?
10
Suppose 504 = 16*y + 2*y. Calculate the highest common divisor of y and 14.
14
Suppose 2*h - t - 175 = 0, 0*h - 83 = -h + 5*t. Let f be 15/(-840)*4 - (-1240)/112. What is the greatest common factor of h and f?
11
Let l = -4 - 17. Let v = -9 - l. Let s be 1 - (3 + -2 - 108). What is the greatest common factor of v and s?
12
Let h be 62613/135 - (-1)/5. Calculate the highest common divisor of h and 16.
16
Suppose -5*k - 10 = 0, 34*k + 103 = 5*b + 35*k. What is the greatest common factor of 231 and b?
21
Suppose -6 = 2*w + 46. Let y be (-150)/(-39) - 4/w. Suppose -4*t = 5*q - 25, t + q = 3 + 4. Calculate the highest common factor of y and t.
2
Let m(j) = -j - 5. Let f be m(-7). Suppose -f*t + 3 = 3*t - 3*z, -2*t = -4*z + 10. Calculate the highest common factor of t and 15.
3
Let c be (4/5)/(366/370 - 1). Let m = c + 123. Let s be (-1)/(-4) + (-54)/(-8). Calculate the highest common divisor of m and s.
7
Let h(w) = -w**3 - 40*w**2 - 7*w - 80. Let j be h(-41). Calculate the highest common divisor of 59 and j.
59
Let p(s) = s**3 + 4*s**2 - s - 1. Let m be p(-4). Let g(a) = 3*a**3 - 2*a**2 + 5*a + 2. Let k be g(m). What is the highest common divisor of 10 and k?
10
Suppose -7*t + 9 + 33 = 0. Let d(l) = l + 66. Let n be d(0). Calculate the greatest common factor of n and t.
6
Suppose -3*k + 6*i + 208 = 4*i, 0 = -5*k - 5*i + 380. Calculate the highest common divisor of k and 180.
36
Let p be (9/(-5))/(9/(-30)*1). Let w be (-831)/(-33) + p/(-33). What is the highest common factor of 175 and w?
25
Suppose -3*q = 3*b - 0*b + 18, -3*q - b - 20 = 0. Let i be (-44)/10*(q - 3). Let t = 123 - 13. What is the highest common divisor of i and t?
22
Let w be 8/(-4) + 2 + 11. Let t = 5 + -4. Calculate the greatest common factor of t and w.
1
Let b = 335 + -314. What is the greatest common divisor of b and 56?
7
Suppose -44*w = 3023 - 6543. Let i be (-3 - (-2 - -1)) + 12. What is the highest common factor of w and i?
10
Let y(z) = z**2 - 36*z + 228. Let a be y(8). Calculate the greatest common factor of a and 27.
1
Let w(z) = z + 1. Let y(b) = -37*b - 7. Let h be (26/39)/(2/(-3)). Let p(a) = h*y(a) - 6*w(a). Let u be p(1). Calculate the highest common factor of u and 4.
4
Let v = 871 - 805. Calculate the highest common divisor of v and 110.
22
Suppose 3*a - 8 = 2*k, -4*a = -2*k - 3*a - 8. Let n = 16 + k. What is the highest common divisor of n and 60?
12
Let y(m) = 81*m**3 + 2*m**2 + 6*m - 10. Let d be y(2). Calculate the greatest common divisor of d and 28.
14
Let y be ((-72)/(-90))/((-2)/35). Let x = -6 - y. Let t = x - 7. Calculate the highest common divisor of 2 and t.
1
Let m = 13 - 10. Let n be (-3 - -1 - m)*-1. Let a(v) = v**3 - 4*v**2 - 3*v - 4. Let g be a(n). Calculate the greatest common factor of 3 and g.
3
Let o = 15 - -19. Suppose -50 = -3*k + o. What is the highest common factor of 7 and k?
7
Let c(y) = -8*y - 5. Let a be c(-5). Let l = -10 + 35. Suppose 0 = 5*q + 2*f - l, 2*q + 3*f + 0 = -1. Calculate the highest common factor of q and a.
7
Let k be (36/21)/(-3) + 277/7. Suppose 5*h - 162 = 98. What is the greatest common divisor of h and k?
13
Let r = -91 - -267. Suppose -p + 59 = 4*d, -d + 32 = -5*p - 9. What is the highest common divisor of r and d?
16
Let c(v) = -v**2 - 5*v - 4. Let l be c(-3). Suppose -27 = -l*p - p. Suppose 128 = 3*f + 4*k, 3*f = 2*k + 36 + 62. What is the greatest common factor of p and f?
9
Suppose -2*q = -5*m + 178, 2*m + 2*q = 4*q + 70. What is the greatest common factor of 4 and m?
4
Let v(y) = 4*y**2 + 17*y + 22. Let c be v(-11). Let g = -183 + c. Suppose z - l - 20 = 0, 5*z + 2*l - 82 = l. Calculate the highest common divisor of g and z.
17
Suppose 3*y - 2*x - 175 = 0, -2*y = 9*x - 5*x - 106. Calculate the highest common factor of y and 18.
3
Let l be (-41 - -44)/((-3)/(-7)). Suppose 2*x = 2*r - 5*r + 25, r - 3 = 2*x. Calculate the greatest common factor of l and r.
7
Suppose -4*h + t = -119, 4*t + 2 = -10. Suppose -n - a + h = 2*n, -a = -2. Calculate the highest common factor of n and 15.
3
Let t = 4137 - 4012. Let x = 21 + 4. Calculate the greatest common divisor of x and t.
25
Suppose 2*v - 3*s - 2599 + 974 = 0, -3*v + 2395 = 4*s. Calculate the greatest common divisor of 575 and v.
115
Suppose -f + 6 = 4*l - 3, -3*f - 12 = -l. Calculate the highest common divisor of 111 and l.
3
Let x(c) = 4*c**3 + c**2 - c - 1. Let q be x(1). Suppose -4*y - 4*b = -2*b - 42, q*b - 39 = -3*y. What is the greatest common factor of 16 and y?
8
Let a = -30 + 42. What is the highest common factor of 588 and a?
12
Let h be (-1*(-7)/(-21))/(4/(-264)). Calculate the highest common divisor of 22 and h.
22
Let p be (2 + -17)*-1 + 2. Let d be 66 + 4 - (3 + -1). Calculate the greatest common factor of p and d.
17
Let r be -136*(-3 - (-5)/2). Calculate the highest common divisor of r and 102.
34
Let s = -16 - -16. Suppose s = -x - 1 + 29. What is the highest common divisor of x and 196?
28
Suppose 15*o - 328 = 482. What is the greatest common factor of 27 and o?
27
Let x(z) = -z + 3. Let j be x(-3). Let q = 16 - j. Let m = 0 - -10. Calculate the highest common factor of q and m.
10
Suppose 4*y + 52 = 5*y. Suppose -17 = -3*l + y. Let a = -573 - -688. What is the greatest common divisor of l and a?
23
Let y = 170 + 180. What is the highest common divisor of y and 50?
50
Let r be ((-11)/2)/(((-11)/(-33))/((-10)/15)). Let s be 2/(-9) + (-303)/(-27). What is the highest common divisor of s and r?
11
Let z be 7/(21/15) - -1. What is the highest common divisor of 24 and z?
6
Let l(g) = -g**2 + 31*g - 92. Let u be l(27). Let c = u - -33. What is the highest common divisor of 245 and c?
49
Let m = -2387 + 2837. What is the greatest common divisor of m and 350?
50
Let g = -153 - -225. Let t = 116 - g. What is the greatest common factor of t and 66?
22
Let n be (3 - (4 - 2)) + 0. Let m = 53 - n. What is the greatest common factor of 13 and m?
13
Suppose 168 = 72*c - 69*c. Let b = 41 + -27. What is the greatest common divisor of b and c?
14
Suppose 2*n - 2*m = -6, 2*m - 3*m + 11 = 3*n. Suppose 24*l - 18 = 30. What is the highest common divisor of n and l?
2
Let j(c) = -c**3 + 7*c**2 + 14*c - 46. Let u be j(8). Let n(o) = -o + 6. Let z be n(4). Calculate the greatest common factor of z and u.
2
Let u be (-2 - -3)*-9 + 0. Let j = 15 + u. Suppose 3*a + 5*l - 177 = 0, 0 = 4*l - 12. What is the highest common divisor of a and j?
6
Let l = -859 + 1442. Calculate the highest common divisor of 11 and l.
11
Let m(r) = 3*r**3 + 4*r**2 + r - 2. Let p be m(-2). Let b = p - -68. Let d(f) = -9*f - 73. Let q be d(-9). What is the greatest common factor of b and q?
8
Let c = 236 + -214. Suppose -792 = -7*l + 3*l. Calculate the greatest common factor of c and l.
22
Let v = 2 - -14. Suppose -5*i - 9 = v. Let u be (i + -13)/(1/(-6)). Calculate the highest common factor of 12 and u.
12
Let y be -189*(18/(-14) + (-2)/(-7)). What is the greatest common divisor of 7 and y?
7
Let k = 34 + -22. Let b(q) = q**3 - 9*q**2 + 3*q + 1. Let g be b(9). Let c = g - k. What is the greatest common factor of c and 40?
8
Let z = -27 - 15. Let o = 23 + z. Let l = o - -41. What is the highest common factor of l and 88?
22
Suppose 2*s - 65 = -0*a - 5*a, -72 = -2*s + 2*a. Calculate the highest common divisor of s and 25.
5
Let z be 94 - ((-2)/7 - 253/(-77)). Suppose z = 5*r - u, 0*r + 2*u - 70 = -4*r. What is the greatest common divisor of 2 and r?
2
Let o be -9 - 4*2991/(-12). Calculate the greatest common divisor of 38 and o.
38
Suppose -7*r = -2*r + 35. Let d(j) = 3*j**2 - 3*j - 5. Let l be d(r). Suppose b = 2*v - 161, -2*v + 0*b = b - l. Calculate the highest common factor of 9 and v.
9
Suppose 5*w - w = v + 137, 107 = 4*w + 5*v. Calculate the greatest common divisor of 3 an